 3*l, 7*p + l = 6*p - 158. Let g = p + 175. Calculate the remainder when 166 is divided by g.
14
Let i(h) = -2*h**3 + 11*h**2 - 3*h - 1. Let d be i(5). Suppose 19 = a - d. What is the remainder when 110 is divided by a?
26
Let o(z) = z**3 - 6*z**2 - 6*z + 12. Let w be o(8). Let f = 142 - w. Let y = f - 31. Calculate the remainder when y is divided by 4.
3
Calculate the remainder when 1748 is divided by (-12825)/(-175) - (10/35)/1.
69
Let s = -51 + 49. Let k(c) = -c + 2. Let p be k(s). Suppose p*h - o - 151 = 0, -4*o = -o - 3. Calculate the remainder when h is divided by 20.
18
Calculate the remainder when (-446)/(-6467) + 935248/29 is divided by 39.
36
Let t be (-6)/(-1 + 0) - 3. Suppose -4*w + 6 = 3*i + 1, 0 = 2*w - t*i - 25. Let q(j) = -12*j - 806. What is the remainder when q(-69) is divided by w?
2
Let p(y) = -6*y**3 - y + 4. Let a be p(-3). Suppose -q - b = -0*q + 31, 4*q + a = 5*b. What is the remainder when ((-172)/(-12) - -1)/((-8)/q) is divided by 18?
15
Suppose 7249 = -30*f + 8509. What is the remainder when 140 is divided by f?
14
Suppose -2*h - 2*h + 918 + 1070 = -3*v, 0 = 3*v. Calculate the remainder when 1494 is divided by h.
3
Suppose -10*r = -67*r + 741. Let w(k) be the third derivative of k**5/20 - k**4/2 + 7*k**3/6 - 4*k**2. What is the remainder when w(8) is divided by r?
12
Suppose 25*m - m + 63 = 903. Calculate the remainder when 5527 is divided by m.
32
Suppose -88*d + 32 = -86*d. Suppose -13*b - d = -81. Suppose k - 2*g + b = 0, -3*k + 30 = -0*k + 3*g. Calculate the remainder when 27 is divided by k.
2
Let q(c) = 21 - 12 - 10 + 2*c**2 + c**3 - 11 + 9*c. Calculate the remainder when q(4) is divided by 29.
4
Suppose 0 = 42*x + 24*x - 1518. What is the remainder when 178 is divided by x?
17
Let r = -629 + 653. Calculate the remainder when 36 is divided by (-5)/((-20)/r)*(-1)/(-2).
0
Suppose -4*h - 46 - 86 = 8. Suppose 0*c - 4*c = 5*n - 159, -5*c + 174 = -2*n. Let u = c + h. Calculate the remainder when 3 is divided by u.
0
Suppose 0 = 2*q - 40 - 38. Let i = 71859 - 71767. Calculate the remainder when i is divided by q.
14
Let g(w) = -4 - 16 - w**2 + 8 - 8 + 16*w. Let r = 12 - 0. Calculate the remainder when g(11) is divided by r.
11
Suppose 0 = -a + 13*t - 8*t + 23, -4*a = 4*t + 4. Suppose 85 = a*g - 59. Calculate the remainder when g is divided by 26.
22
Suppose -3*q + s = -961, 2*s - 5*s = 7*q - 2221. What is the remainder when q is divided by 5?
4
Suppose -120 = 27*o - 30*o. Suppose 35*b = o*b - 30. What is the remainder when 406 is divided by b?
4
Calculate the remainder when (77/21)/(14/42) + 310 is divided by 51.
15
Suppose 4*q + 17 = x, -2*x + 56 = 2*q + q. Suppose -3*r + m - 42 = 4*m, -3*m - 51 = 4*r. What is the remainder when (-2)/r + (4 - (-3376)/36) is divided by x?
23
Let k = -1861 + 1881. Calculate the remainder when 2011 is divided by k.
11
Let h = 59 + -39. Let x be (0*(-2)/(-6))/1 + -3. Let b = h - x. What is the remainder when 42 is divided by b?
19
Let r(w) = 3*w**3 - 5*w + 4. What is the remainder when (2 - -37 - -6)/((-6)/(-56)) - 3 is divided by r(3)?
67
Let a = 16 - 5. Suppose a*i = 12*i - 4. Suppose 423 = 4*z - n - 29, -i*n - 16 = 0. Calculate the remainder when z is divided by 29.
25
Suppose 22*q = q + 4*q + 1683. What is the remainder when 662 is divided by q?
68
Let x(j) = j**3 - 20*j**2 - 2*j + 45. Let y be x(20). Let z(o) = 28*o - 1. What is the remainder when z(y) is divided by 24?
19
Suppose 8*m - 324 = 4*m. Let t be -9*(-1 + (-14)/21). Let b(l) = -l**2 + 16*l - 3. What is the remainder when m is divided by b(t)?
9
Suppose -3*i - 4*y + 34 = -i, 2*y = 4*i - 58. Calculate the remainder when 70 is divided by -5 + -1 + 4 + i.
5
Let v(y) = 6*y - 63. Let g be v(8). Let p(f) = f**3 + 15*f**2 - 2*f - 3. Calculate the remainder when 104 is divided by p(g).
23
Let w(m) = -29*m**2 + 11*m + 6. Let s be w(3). What is the remainder when 70 is divided by (-8)/36 + s/(-27)?
6
Suppose 57*b + 1344 = 249*b. What is the remainder when 120 is divided by b?
1
Let g = -75 + 75. Let s be 2 + 2 + (g - 0). Suppose -2*a + s*b = -46, -2*a + b = -4*b - 41. What is the remainder when a is divided by 19?
14
Suppose 93*w + 89*w = 189*w - 1855. Calculate the remainder when 491 is divided by w.
226
Suppose 5*z - 5*b - 30 = 65, 4*b = 3*z - 55. Let f(l) = 3*l**2 - 55*l + 3. Calculate the remainder when f(z) is divided by 29.
26
Let o(l) be the first derivative of 11*l**2 + 1/4*l**4 - 17/3*l**3 + 12*l + 12. Calculate the remainder when o(16) is divided by 28.
24
Suppose 9*x - 9394 = -1969. Calculate the remainder when x is divided by 59.
58
Suppose s = 1, -5*w = -w + 3*s - 31. Let n(f) = -4*f**2 + 5*f**2 + 17 + 10*f + 3*f - 4*f. What is the remainder when n(-10) is divided by w?
6
Let k = -41 + 69. Let y(z) = 12*z + 1063. Calculate the remainder when y(-82) is divided by k.
23
Let o = -597 + 1185. Suppose 14*i = -28 + o. Calculate the remainder when 236 is divided by i.
36
Let x = -869 + 1456. Calculate the remainder when x is divided by 28.
27
Suppose -73*n - 2*n + 3417 = -3483. Let m = 3 - -32. Calculate the remainder when n is divided by m.
22
Suppose -5*r + 22*c + 130 = 17*c, -c + 67 = 2*r. What is the remainder when 53 - (4 + 1 + -3) is divided by r?
20
Let i be (-10)/4*(-1 - 4/20). Suppose 2*s = i*s - 5. Suppose 4*f + 0*r - 88 = 2*r, f = -s*r + 11. What is the remainder when 61 is divided by f?
19
Let n(a) = -72*a + 148. Suppose b = -0*b + 97. What is the remainder when n(-6) is divided by b?
95
Let t = 168 + -167. Suppose 0 = -5*h + 30 + 165. What is the remainder when h is divided by t/((-43)/11 - (7 + -11))?
6
Suppose 4*k - 487 = -3*w - 119, -4*w = -4*k + 340. Suppose 17*m - 374 = 136. Calculate the remainder when k is divided by m.
29
Let w be (9/15)/((-6)/2010). Let s = -177 - w. Calculate the remainder when 48 is divided by s.
0
Let t = 420 + -361. Let f = t + -16. Calculate the remainder when f is divided by 3.
1
Let r(w) = -18*w**2 - 1183*w - 13. What is the remainder when r(-65) is divided by 167?
164
Suppose 0 = 7*x - 5*x. Suppose 5*r + 10 = 0, -52 = -x*w - 2*w - r. Let u = w + -17. What is the remainder when 58 is divided by u?
8
Calculate the remainder when 2 - 75/35 - (-9720)/126 is divided by 15.
2
Let i be 1/2*-3*(-1748)/(-114). Let y = 9 - i. What is the remainder when 59 is divided by y?
27
Suppose -2*p - 5*i - 1 = -p, 58 = 2*p - 5*i. Suppose 5*d + j = 5 + p, -3*d + 8 = -j. Calculate the remainder when ((-17)/2)/(-3 + 10/d) is divided by 10.
7
Suppose 4*u - 3*p + 6*p = 45, 3*p - 36 = -3*u. Suppose 216*z = 211*z + 265. Calculate the remainder when z is divided by u.
8
Let y be (-17)/((-510)/144)*45. What is the remainder when ((-18)/8 + 3)/(9/y) is divided by 10?
8
Suppose 3*a - 191 = -5*z, 187 = 5*z - a + 2*a. Let c = 104 - 100. Suppose -3*q - 3*n = -417, 4*q - c*n - 452 = q. What is the remainder when q is divided by z?
33
Let d = 26192 + -26148. Suppose -2*z + 2 = -22. What is the remainder when d is divided by z?
8
Let z be -4*5/10*(2 + -4). Suppose z*l - 25 = -5*a, 4*a - 6 = -l + 3*a. Suppose s - 144 = -l*s. Calculate the remainder when 46 is divided by s.
22
Let h = -2918 - -2966. Suppose -2*a + 24 = -2. What is the remainder when h is divided by a?
9
What is the remainder when 7486 is divided by ((4 - 3)*-1)/((-96)/384)?
2
Suppose 0 = 17*p - 927 - 8. Suppose 61 = 3*d - 5*v + 7, -4*d + p = -v. What is the remainder when 99 is divided by d?
8
Calculate the remainder when 165 is divided by 1/(-5) + 11552/760.
0
Suppose 148 = s + 3*s. Calculate the remainder when 9/(-15) - (-12188)/55 is divided by s.
36
Let x(n) = -7*n - 71. Let k be x(-9). Let t(y) = y**3 + 9*y**2 + 6*y - 5. What is the remainder when 63 is divided by t(k)?
8
Let a be ((-432)/42)/(2/(-14)). What is the remainder when 250 is divided by (-1)/(-3) - (-3648)/a?
46
Suppose -5*m - 2582 = 3*x, -4*x - 16*m = -20*m + 3496. What is the remainder when 135 is divided by (40/7)/(-11 - x/77)?
15
Let u = 8925 + -8242. What is the remainder when u is divided by 226?
5
Let n(p) = p**3 - 8*p**2 + 14*p - 6. Let g = 112 + -106. Let o be n(g). What is the remainder when (o/4)/(11/22) is divided by 1?
0
Let s be (23 - 57)/(1*-1) + -5. Suppose 3*z = y + 109, z + 4*y = 3 + s. Calculate the remainder when 71 is divided by z.
35
Let o(c) = -26*c**3 + 9*c**3